remainder when k is divided by 4/((-8)/(-38)) + 7*(-51)/119?
12
Suppose 0 = -30*g + 18*g + 228. Calculate the remainder when 73 is divided by g.
16
Let x be 56/(-6)*(-3 - -9). What is the remainder when (1 + 2/(-10))/(3/90) is divided by (4/8)/((-2)/x)?
10
Suppose 5*y = -3*m + 53, -3*m + 48 = m + y. Let x(a) = -5*a + 42. What is the remainder when x(5) is divided by m?
6
Suppose -3*j + 25 + 14 = 0. Suppose 3*r = -3*p + 3, -11 = -p - 2*p + r. Let o(d) = 4*d**2 + 2*d + 7. What is the remainder when o(p) is divided by j?
10
Suppose -4 = 2*g - 8. Suppose -2*l = 5*m - g*m - 45, -5*l = -3*m - 165. Calculate the remainder when 147 is divided by l.
27
Let t = 438 - 374. Calculate the remainder when 203 is divided by t.
11
Let v(r) = 128*r + 837. Calculate the remainder when v(-6) is divided by 41.
28
Let w(r) = -3*r + 8. Suppose -2*q = -16 + 54. Let o = -2 - q. Calculate the remainder when w(-19) is divided by o.
14
Suppose 0 = -18*n + 17*n + 42. Suppose 16 = 2*v - n. Calculate the remainder when v is divided by 16.
13
Suppose -3*f = -3*n - 96, 0 = f + 3*n + n - 47. Let x(q) = q**3 - 9*q**2 + 9*q + 2. Calculate the remainder when f is divided by x(8).
5
Suppose -2*h + 638 = 9*h. What is the remainder when 185 is divided by h?
11
Let j = 39 - 4. Let f = -99 - -112. Calculate the remainder when j is divided by f.
9
Suppose 0 = 45*g + 3*g - 672. What is the remainder when 556 is divided by g?
10
What is the remainder when 314 is divided by ((-85)/17 + (-123)/(-12))*4?
20
Suppose -7*u + 25 = -2*u. Suppose 15 = u*p, -p = -z - z + 23. Suppose -3*q = 7*q - 230. What is the remainder when q is divided by z?
10
Let i be 14/4*(-36)/(-7). Let z = -14 + i. Calculate the remainder when 5 is divided by z.
1
Let q(c) = 6*c**2 + c + 5. Suppose 4*u + u = 40. What is the remainder when q(3) is divided by (u/(-5))/((-2)/20)?
14
Let b = 14 - -62. What is the remainder when b is divided by 8?
4
What is the remainder when 932 is divided by (-58)/(-1) - 2 - (0 - -1)?
52
Let l(o) = -18*o**2 - 42*o + 5. Suppose -5*i = -4*a + 71 + 109, -170 = -3*a - 5*i. What is the remainder when a is divided by l(-2)?
16
Let z(w) = 191*w**2 + w. Suppose 2*t - 5*b = 22, 0*t - t - b - 3 = 0. What is the remainder when z(t) is divided by 65?
62
What is the remainder when 127 is divided by (6 - 14 - -6) + 79?
50
Suppose 5*b = -52 + 82. Suppose 0 = 3*x + 3*f - 39, 9 = x - f - b. What is the remainder when 33 is divided by x?
5
Suppose -18*j = 21*j - 546. Calculate the remainder when j is divided by 4.
2
Let y(u) = u**2 + 13*u + 1. Let p be y(-13). Let w be ((-39)/65)/(p/5). What is the remainder when -2 - w*(3 + 5) is divided by 12?
10
Suppose 8*h = 15*h - 798. What is the remainder when h is divided by 15?
9
Let z be 5/(-10*(-4)/48). Suppose -z*p + 90 = -42. Let m = p + -16. What is the remainder when 27 is divided by m?
3
Suppose -610*u = -609*u - 388. What is the remainder when u is divided by 17?
14
Suppose 4*g - 111 - 5 = 0. Calculate the remainder when g is divided by (0 + 3/(-9))/(1/(-24)).
5
Let p be 20/7 - 10/(-70). Suppose -4*w + p + 15 = 2*a, -2*a + 19 = 5*w. Calculate the remainder when a is divided by 4.
3
Let x = -11 - -13. Suppose -3*y + 4*y = -b + 2, y - x = -3*b. Suppose y*t - 2*r - 6 = 2*r, -5*t - 5*r + 30 = 0. What is the remainder when 7 is divided by t?
2
Suppose -2*n + 150 = 38. What is the remainder when n is divided by 6?
2
Let l = 8 - 8. Suppose l = 2*x - 0*x - 34. Calculate the remainder when x is divided by 3.
2
Let p = -303 - -340. Calculate the remainder when p is divided by 9.
1
Let f(s) = 8*s**3 + 2*s**2 - 2*s - 1. What is the remainder when f(1) is divided by 7?
0
Suppose 2*z + 6 = -z. Let g be (20/(-12))/(z/252). Let n = g - 135. What is the remainder when n is divided by 19?
18
Let q(w) = w**2 + 16*w + 14. Calculate the remainder when 670 is divided by q(0).
12
Let i = -10 - 28. Let q = i - -62. Suppose -2*u + 3*m + 102 = -m, 0 = 5*u + 5*m - 210. What is the remainder when u is divided by q?
21
Let z(j) = 11*j**2 - j - 1. Let g be z(-1). Suppose -34 = 6*d - 1102. Calculate the remainder when (-36)/198 + d/g is divided by 7.
2
Let l = -6 - -8. Suppose -12 = -l*g - 3*u, -3*g + 2*u = -7*g + 32. Calculate the remainder when g is divided by (8/1)/(34/17).
1
Let k = 387 + -376. Calculate the remainder when 350 is divided by k.
9
Suppose -7*c + 12*c = 2*v + 372, 288 = 4*c - 4*v. Calculate the remainder when c is divided by 20.
16
Suppose 0 = -4*h - 5*s + 85, -3*s = 4*h - s - 82. What is the remainder when 352/5 - -7*(-8)/140 is divided by h?
10
Suppose 5*l - 2*l = -12, 2*l = 3*p - 26. Suppose p - 21 = -w. Calculate the remainder when 55 is divided by w.
10
Suppose -3*u - i = -633, 2*u - 5*i = 4*u - 422. Suppose 5*m - u = y, m + 0*y = 3*y + 45. What is the remainder when 123 is divided by m?
39
Suppose -20*m - 47 = -21*m. Calculate the remainder when 93 is divided by m.
46
Let j(y) = 12*y - 60. What is the remainder when 234 is divided by j(10)?
54
Let b = -6 + 11. Suppose -f = -3*x - b + 2, -5*x = -2*f + 5. Suppose -2*i = -5*m + 40, f = 2*m + 5*i - i - 40. What is the remainder when 36 is divided by m?
6
Suppose 5*b = 0, -c + 0*b + 45 = 5*b. Calculate the remainder when 173 is divided by c.
38
Let h(n) = -n - 5. Let p = -12 - -10. Let k be h(p). Let y(v) = -2*v + 2. What is the remainder when 30 is divided by y(k)?
6
Calculate the remainder when 32 is divided by (3 + 1 + -6)*24/(-16).
2
Suppose -4*c + 21 = -3*n + 171, 0 = 5*n + 2*c - 250. Calculate the remainder when n is divided by 17.
16
Suppose 644 = 3*a + j, -4*j - 236 = -a + j. Suppose -2*c = 2*c - a. Suppose -2*o + 56 = 2*o. Calculate the remainder when c is divided by o.
12
Let x be 2/(-3) - (-132)/9. Suppose 5*m - 3 = -3*u + 5, -2*m = 3*u - x. Calculate the remainder when 3 - -1*(-2 - -15) is divided by u.
4
Let b = -368 + 419. Calculate the remainder when b is divided by 28.
23
Suppose 2*c - 270 = -3*c. Suppose c = 3*f - 0*f. Suppose 0 = -h + y - 2, 5*h + 6*y = 4*y + f. What is the remainder when h is divided by 2?
0
Let b be 54/10 - (-4)/(-10). Let q(o) = -2*o + 42*o**2 - 36*o**2 + 0*o**3 + 1 + o**3 - 2*o**3. What is the remainder when q(b) is divided by 6?
4
Let r = 115 - 47. What is the remainder when 125 is divided by (-1)/4 - (-1105)/r?
13
Let n be -6*(4/6 - 1). Let i = 3 + n. Suppose 0 = -i*l + 2*z + 2*z + 301, -4*z + 98 = 2*l. Calculate the remainder when l is divided by 20.
17
Let m = 5 + 101. Calculate the remainder when 80 is divided by m/4 - (-4)/8.
26
Suppose 10*k - 1684 - 236 = 0. Let l = k - 129. Calculate the remainder when l is divided by 17.
12
What is the remainder when 144 is divided by 5 + (20/(-6)*-3 - -6)?
18
Suppose z - 7 - 39 = 2*a, -a = -4*z + 219. What is the remainder when 155 is divided by z?
43
Let p(l) = -l**2 + 6*l + 5. Let k be p(6). Suppose 4*h - k*h + 21 = 0. Let u = -111 + 151. What is the remainder when u is divided by h?
19
Suppose s - 62 + 12 = -2*x, 54 = s + 4*x. What is the remainder when (s - (3 + -1)) + -4 is divided by 14?
12
Suppose 2*n = -4*i + 186, -3*i = 5*n - 314 - 130. Suppose 0 = 28*d - 1104 + 264. Calculate the remainder when n is divided by d.
27
Suppose 4*s + 8*x - 5*x = 41, -3*s + 3*x = -15. Calculate the remainder when 958 is divided by s.
6
Suppose c - 4*u = 16, c + 8 = -5*u - 21. Let g(r) = 3*r + 22. Let n = -21 + 59. Calculate the remainder when n is divided by g(c).
8
Let j(d) = d**3 + 11*d**2 + 10*d - 13. Calculate the remainder when j(-9) is divided by 9/(-21) + (-220)/(-7).
28
Let t(x) = x + 10. Let c be t(-7). Let v(g) = 6*g + 7. Let m be v(c). Suppose -m*j = -30*j + 140. Calculate the remainder when j is divided by 6.
4
Let s(z) = -z**2 + 13*z + 6. What is the remainder when s(10) is divided by (-45)/(-21)*(-56)/(-24)?
1
Calculate the remainder when 34/4*(18 + -6) is divided by 26.
24
Suppose 3*y = -3*a - 0*a + 9, 2*y - 14 = -4*a. Suppose r - 11 = -8. Suppose -29 = -a*k + r*k. Calculate the remainder when k is divided by 6.
5
Let b(j) = -2*j + 1. Let m = -32 - -26. Suppose p + 3*q - 2 = 0, -2*p + 4*p - 3*q = 13. What is the remainder when b(m) is divided by p?
3
Suppose 21 = -g + 19. Let z = 210 - 124. What is the remainder when z is divided by g/(-10) - 1417/(-65)?
20
Suppose 4*a = 4*y - 580, 3*a = 7*a - 3*y + 580. Let f = a + 206. What is th